factors of x.
19
Suppose -3*v - v = -2*q + 414, -5*q = -5*v - 505. Let y = -58 - v. What are the prime factors of y?
2, 3
Suppose 5*p = 6*p - 20. Let q = p - 12. What are the prime factors of q?
2
Suppose -v + 456 = 2*v + 3*f, -2*f = 4*v - 598. What are the prime factors of v?
3, 7
Let x be ((-1)/2)/(5/110). Let d = x - -19. List the prime factors of d.
2
Let k(r) = -r - 4. Let h be k(-6). Suppose -z + 4*v - 1 = 0, -4*v - 5 = -h*z + 1. What are the prime factors of z?
7
Let h(x) = -3*x**3 + x**2 - x + 11. What are the prime factors of h(-4)?
223
Suppose -5*k + 4*r = -74, 4*k - 55 = -3*r + 29. What are the prime factors of k?
2, 3
Suppose 0*z = -2*z. Suppose -4*w + 12 = 2*o, z = 4*w + 1 - 5. What are the prime factors of o?
2
Let q(x) = x**2 - 5*x - 9. What are the prime factors of q(9)?
3
Let a(d) = d**3 - 10*d**2 + 3*d + 3. Let l(m) = -m**2 - 1. Let b(x) = -a(x) + 4*l(x). List the prime factors of b(5).
3
What are the prime factors of 40 + (-6)/9*6?
2, 3
Let q(y) = -y**2 - 14*y - 10. Let l be q(-5). Let m = l - 14. What are the prime factors of m?
3, 7
Let u(y) = y**2 + y - 2. Let k be u(2). Let t be k/(-14) + 23/7. Suppose 1 + 5 = t*n. What are the prime factors of n?
2
Let z be (1 - -18) + -1 + 2. Let q be ((-1)/2)/((-2)/z). Let c(m) = -m**2 + 6*m + 2. List the prime factors of c(q).
7
Suppose -2 - 4 = -b - 2*g, 2*b + g = 12. Suppose -2*z - 92 = -b*z. List the prime factors of z.
23
Let k = 23 - 15. List the prime factors of k.
2
Let c(r) = r**2 + 3. Let y be c(0). Suppose y*w + 2*i = 15, i + 24 = 5*w - 2*w. List the prime factors of w.
7
List the prime factors of (0 - -3)/3 - -30.
31
Let b(g) = -g**2 - 4*g + 5. Let f be b(2). List the prime factors of f/(-3)*(-36)/(-2).
2, 3, 7
Let b(x) = 3*x**2 + x + 1. Let r be b(-1). Suppose -16 = -6*v + 2*v. Suppose 0*t = 4*t + v, t - 23 = -r*d. What are the prime factors of d?
2
Suppose -3*m + 20 - 5 = 0. List the prime factors of m.
5
Suppose 0*u = 5*u - 4*g - 35, 0 = 2*u - 3*g - 21. Suppose 0 = 2*j + u*d - 2*d - 20, -3*d = -3*j + 30. Suppose -4*f = f - j. List the prime factors of f.
2
Let c(z) = 75*z**2 + 3*z + 1. List the prime factors of c(-1).
73
Let l = -36 - -85. List the prime factors of l.
7
Let h(s) = s**3 - 3*s**2 - 5*s + 14. What are the prime factors of h(7)?
5, 7
Suppose -t + n + 121 = -6*t, -2*n = -2*t - 46. Let y = 36 + t. List the prime factors of y.
2, 3
Let o(q) be the second derivative of q**5/20 + q**4/2 - q**3/6 + 5*q**2/2 - 3*q. List the prime factors of o(-6).
11
Let o = -24 + 44. List the prime factors of o.
2, 5
Let o = 101 + -26. Suppose o - 15 = 3*j. What are the prime factors of j?
2, 5
Suppose 0 = -2*f - 2*f + 20, 4*q = -f + 13. Suppose 3*i - 210 = -q*i. Suppose 5*s = 2*s + i. List the prime factors of s.
2, 7
Let y be -4*(-2 + 2/4). List the prime factors of (2/y)/((-1)/(-12)).
2
Let z(h) = 2*h**3 - 4*h**2 - h - 1. Let i be (-38)/(-14) + (-2)/(-7). What are the prime factors of z(i)?
2, 7
Suppose 0 = 3*q + 4*l - 0*l - 268, 0 = 5*q - l - 439. What are the prime factors of q?
2, 11
Suppose -19 - 1 = -4*o. What are the prime factors of o?
5
Let r(y) = y**2 + 3*y**2 + 5*y**2 + 1 + 2*y**2 + y. Let b = -1 + 0. What are the prime factors of r(b)?
11
Let s = 3 - 9. Let w = s + 43. What are the prime factors of w?
37
Let z(q) = 6 + 2 - 4*q + 9*q + q**2. List the prime factors of z(-7).
2, 11
Let y(v) = v**3 - 9*v**2 - 11*v + 14. Suppose -3*f + 7*f - 40 = 0. List the prime factors of y(f).
2
Suppose -14*m = -9*m - 155. Let r = m + 0. List the prime factors of r.
31
Let s(z) = z - 13. Let c be s(15). Suppose 107 + 68 = 5*f + 3*l, 0 = 3*f - c*l - 86. List the prime factors of f.
2
Let b = 11 - 25. Let t = -5 - b. What are the prime factors of t?
3
Let z(u) be the third derivative of -3*u**4/8 - u**2. What are the prime factors of z(-1)?
3
Let n(y) = -y**2 + 4*y - 4. Let o be n(3). Let i be -2 + o + 3/1. Suppose i = -5*b + 6*b - 4. List the prime factors of b.
2
Let i(k) = -2*k + 12. Let y(r) = -3*r + 12. Let o(h) = -4*i(h) + 3*y(h). What are the prime factors of o(-15)?
3
Suppose 0 = 4*w - 21 + 5. Let a(c) = 2*c + c + 9 - w*c. What are the prime factors of a(-9)?
2, 3
Suppose 4*r = 34 - 6. Suppose 3*q - 11 = r. List the prime factors of q.
2, 3
Suppose 2*w + 1274 = 7*w - 4*d, -w + 3*d + 246 = 0. What are the prime factors of w?
2, 3, 43
Let q be 12 + (-6 - -3) - 3. Let r be ((-58)/q)/((-4)/12). Let t = r + -16. What are the prime factors of t?
13
Suppose 5*o - 120 = -4*a, -o - o + a + 48 = 0. List the prime factors of (o/(-4))/(-3)*2.
2
Suppose 0*x - 44 = -2*x + 4*k, 0 = x + 5*k + 6. Suppose -x = -v + f + 2*f, 5*v = -2*f - 15. Let i = v + 12. What are the prime factors of i?
11
Let s be ((-50)/(-5))/((-1)/2). Let v = s - -38. Let i = v - 5. What are the prime factors of i?
13
Suppose 0 = 13*f - 1355 - 1388. List the prime factors of f.
211
Let c be ((-6)/(-4))/(10/20). What are the prime factors of 7 + (0 - 2) + c?
2
Let n(g) = 2*g**3 + g**2 + 3*g - 3. What are the prime factors of n(2)?
23
Suppose 0 = -8*w + w + 1932. What are the prime factors of w?
2, 3, 23
Suppose -5*v + 72 = -4*k, 5*v - 5*k = -0*k + 75. Suppose v = p - 0. List the prime factors of p.
2, 3
Suppose 0*d + 4*d = 0. Suppose l = -5*t - 4*l + 35, 5*t - 2*l = d. Let w(p) = 6*p - 3. What are the prime factors of w(t)?
3
Suppose -4*y = -0*y - 8, 0 = -4*s + 3*y + 2. List the prime factors of s.
2
Let y = -10 - -15. Suppose -v + y = q, 3*v = -0*q + 2*q. Suppose -5*p - 46 = -q*x, 42 = 3*x - 2*p - p. What are the prime factors of x?
2, 3
Suppose -x + o = -3*x + 53, 5*o = -5*x + 125. List the prime factors of x.
2, 7
Suppose 5*t = -15, 0 = m + m - 4*t - 158. What are the prime factors of m?
73
Let d be -1 - 2/2*-85. Suppose 4*x = -3*v + d, 0 = -3*v + 6 + 6. Let s = x - 11. What are the prime factors of s?
7
Let o = 71 - 46. List the prime factors of o.
5
Let f(a) = a**2 - 6*a + 3. Let o = -11 + 18. What are the prime factors of f(o)?
2, 5
Let r = 37 + -37. Let p(s) = -s + 9. Let v be p(5). Suppose r = -h - v*h + 65. What are the prime factors of h?
13
Let x be 0 + -3 + 0 + 3. Suppose x*r + 8 = r. What are the prime factors of r?
2
Suppose -2*d - 5*j - 9 = 0, -j = -d + 3*j + 2. Let q(x) = 29*x + 3. Let o(n) = 7*n + 1. Let t(v) = -9*o(v) + 2*q(v). What are the prime factors of t(d)?
7
Suppose 5*p + 0*y + 9 = -y, -4*p - 4*y = 20. Let b(s) = s**2 - 4*s. Let d be b(5). Let o = d + p. List the prime factors of o.
2
Suppose -5*j + 0 = -25. Let u = 47 - j. What are the prime factors of u?
2, 3, 7
Let g(w) = -2*w - 16. Let f be g(-11). Suppose f = 4*i - 7*i. Let a = 4 - i. List the prime factors of a.
2, 3
Suppose 0 = -5*w - 4*c + 35, 2*c = -w + 5*w - 2. Suppose 2*d - 4 = 0, w*d - 26 = -3*x + 8*d. What are the prime factors of x?
2, 3
Let h(k) be the first derivative of -2*k**2 - 6*k - 3. What are the prime factors of h(-4)?
2, 5
Let n = -35 - -20. Let h be (-81)/n - 2/5. Let o(c) = c - 3. What are the prime factors of o(h)?
2
Suppose 0 = -0*f + 3*f - 6. Let g be 4 - f - 6/(-3). Let h = -1 + g. What are the prime factors of h?
3
Let a(p) = p**2 + p. Let y(u) = u**3 + 12*u**2 + 7*u + 12. Let m(o) = -a(o) + y(o). What are the prime factors of m(-10)?
2, 13
Suppose -12*r = -23*r + 3091. List the prime factors of r.
281
Let h(n) = n**3 - 3*n**2 - 2*n - 2. Let j be h(3). Suppose 2*b = 3*w - 0*w - 66, -2*w = b - 44. Let d = w + j. What are the prime factors of d?
2, 7
Suppose -4*q + u - 22 = 0, -2*q + 0 = -3*u + 16. Let b = 8 + q. Suppose -2*c + 40 = b*c. What are the prime factors of c?
2
Suppose -499 - 369 = -7*h. List the prime factors of h.
2, 31
Let u(d) = -4*d - 6. List the prime factors of u(-12).
2, 3, 7
Suppose -3*q + 5*i = -2*q - 21, 5*i + 10 = 0. Let j = -6 + q. Let v(a) = a**2 - 4*a + 1. List the prime factors of v(j).
2, 3
Let s(p) = -p + 4. Let o(b) = -3. Let u(d) = -6*o(d) - 5*s(d). Let k be 6/21 - (-24)/14. What are the prime factors of u(k)?
2
Suppose 5*d = -0*d + 15, d - 33 = 5*r. Let t(f) = -f + 4. What are the prime factors of t(r)?
2, 5
Let i = -80 - -160. Suppose -28 + i = 4*n. What are the prime factors of n?
13
Let l = -58 - -101. What are the prime factors of l?
43
Let a(l) = l**3 + 6*l**2 + 7*l + 6. Let j be a(-5). Let p(v) = 2*v**2 + 5*v + 3. List the prime factors of p(j).
3, 5
Let w be (76/10)/(3/(-15)). L